 factor of 48241 and 985644.
19
Calculate the greatest common factor of 20387376 and 1296.
1296
Calculate the greatest common divisor of 93 and 8729507.
31
Calculate the highest common divisor of 9575 and 11807890.
1915
What is the highest common divisor of 73512 and 4243276?
4084
Calculate the highest common factor of 155574 and 244818.
1206
Calculate the highest common factor of 12573810 and 180.
90
Calculate the highest common divisor of 4370460 and 16560.
1380
What is the greatest common factor of 42 and 4293492378?
42
What is the highest common factor of 6 and 152571120?
6
Calculate the greatest common factor of 4732 and 90968696.
364
What is the highest common divisor of 116 and 78696198?
58
Calculate the greatest common divisor of 19502 and 1076726.
98
What is the highest common factor of 10434 and 15670129?
1739
Calculate the highest common factor of 290507 and 525.
7
What is the highest common factor of 354502800 and 10800?
3600
What is the highest common factor of 1134 and 1679902?
14
What is the greatest common divisor of 1095471274 and 356?
178
What is the greatest common divisor of 800 and 110319840?
160
Calculate the highest common divisor of 142 and 174570682.
142
What is the highest common factor of 73876 and 1487156?
3212
What is the highest common factor of 55 and 3004210?
55
Calculate the highest common factor of 480606 and 378.
42
Calculate the greatest common divisor of 963 and 270617231.
107
What is the greatest common factor of 1256 and 424999?
157
Calculate the greatest common divisor of 2697203 and 124236.
493
Calculate the greatest common factor of 25368 and 45528.
168
Calculate the highest common divisor of 705551904 and 9.
9
Calculate the greatest common divisor of 30975884 and 23394.
1114
Calculate the highest common factor of 597069 and 42291.
333
Calculate the highest common factor of 164104 and 6399775.
281
What is the highest common factor of 875532 and 735?
147
What is the highest common divisor of 180 and 14092060?
20
What is the highest common divisor of 21 and 1572287115?
21
What is the highest common divisor of 1558918801 and 566?
283
Calculate the greatest common divisor of 12603547 and 154429.
1529
Calculate the greatest common divisor of 263340 and 165984.
1596
What is the highest common factor of 104050224 and 48?
48
Calculate the greatest common factor of 8448089 and 1085.
31
Calculate the greatest common divisor of 178 and 2801097.
89
Calculate the greatest common divisor of 1986534 and 209.
11
Calculate the highest common factor of 927718400 and 1600.
1600
What is the highest common divisor of 5504765 and 6895?
35
What is the greatest common factor of 575668 and 17750?
142
Calculate the highest common factor of 209 and 420986743.
19
Calculate the highest common divisor of 3596 and 759748.
124
What is the highest common factor of 171590012 and 44?
44
What is the highest common factor of 139812 and 509588?
764
Calculate the greatest common divisor of 251 and 31983926.
251
Calculate the highest common factor of 13585 and 6771182.
209
Calculate the highest common factor of 1081 and 175329.
23
What is the highest common divisor of 1152 and 671931?
9
What is the greatest common divisor of 725088 and 8849958?
6474
What is the greatest common divisor of 530 and 3509890?
10
Calculate the greatest common factor of 135456 and 1887.
51
Calculate the greatest common divisor of 348 and 10653036.
12
What is the greatest common divisor of 6515 and 72590?
5
What is the greatest common factor of 23636 and 9500?
76
What is the highest common divisor of 63 and 1781262?
63
What is the greatest common factor of 182961 and 607767?
2103
Calculate the greatest common factor of 3922305 and 460.
115
What is the greatest common divisor of 48204 and 75816?
468
Calculate the greatest common divisor of 4 and 536705248.
4
Calculate the greatest common factor of 205170 and 49497.
21
Calculate the greatest common factor of 975771 and 261.
9
Calculate the greatest common divisor of 1416065 and 5320.
35
What is the highest common divisor of 3640136935 and 890?
445
Calculate the highest common factor of 110075467 and 267.
89
What is the highest common factor of 20527045 and 1965?
655
Calculate the highest common factor of 9124 and 8323369.
2281
What is the greatest common divisor of 607383 and 17174?
31
What is the highest common divisor of 6089528 and 1208?
1208
Calculate the greatest common divisor of 138 and 12074264.
46
What is the greatest common divisor of 71708460 and 96?
12
What is the greatest common divisor of 4350303 and 18?
9
What is the greatest common divisor of 558 and 1638381?
93
Calculate the greatest common divisor of 950900 and 735375.
925
What is the greatest common divisor of 523301 and 46612?
271
Calculate the greatest common divisor of 58446 and 8046.
18
What is the highest common factor of 5319436 and 1197106?
4658
What is the highest common divisor of 248 and 54621070?
62
What is the greatest common divisor of 27 and 15401505?
3
Calculate the greatest common factor of 972 and 5629068.
108
What is the highest common divisor of 25136628 and 159?
159
What is the highest common divisor of 23683072 and 32?
32
Calculate the highest common factor of 81256010 and 220.
110
What is the highest common divisor of 204930 and 60786?
198
What is the greatest common factor of 20878 and 1495478?
146
What is the greatest common factor of 1104793 and 209?
19
Calculate the greatest common divisor of 2321599 and 1891.
61
What is the highest common factor of 1162051 and 70477?
1639
What is the greatest common divisor of 105 and 46122465?
15
What is the greatest common factor of 42181899 and 309?
309
What is the greatest common factor of 5206245 and 6129?
681
Calculate the greatest common factor of 264308 and 144320.
44
Calculate the highest common divisor of 42 and 635454932.
14
What is the highest common divisor of 213406190 and 92?
46
Calculate the highest common divisor of 4201840 and 1272.
424
What is the greatest common factor of 3398 and 121463209?
1699
What is the highest common factor of 544 and 31843108?
68
Calculate the highest common factor of 6465795 and 525.
105
What is the greatest common factor of 147258210 and 210?
30
What is the greatest common divisor of 352316713 and 49?
49
What is the highest common divisor of 1844574795 and 485?
485
Calculate the greatest common divisor of 51 and 39647723.
17
What is the highest common divisor of 838327 and 553?
7
What is the greatest common factor of 12 and 651249?
3
Calculate the highest common divisor of 1525 and 6123119.
61
What is the highest common factor of 206387820 and 34?
34
What is the highest common divisor of 3063879 and 3?
3
What is the highest common divisor of 977261 and 4214?
43
What is the highest common factor of 1463384 and 10088?
104
What is the highest common divisor of 8058906 and 8856?
54
What is the greatest common factor of 4829 and 10391568?
11
What is the greatest common divisor of 169008 and 4317249?
1509
What is the highest common factor of 50098 and 2175878?
1354
Calculate the greatest common factor of 10269 and 47022892.
1141
What is the greatest common divisor of 4433 and 504959?
403
What is the highest common factor of 593613 and 216?
9
What is the greatest common factor of 22 and 5599253?
11
Calculate the greatest common divisor of 49976275 and 1175.
1175
Calculate the greatest common divisor of 65657833 and 22167.
821
Calculate the highest common divisor of 4753968 and 240.
48
What is the highest common factor of 437255 and 533?
13
What is the greatest common divisor of 492 and 16062078?
246
Calculate the greatest common divisor of 11084 and 1414196.
68
Calculate the greatest common factor of 2502732 and 1095.
219
Calculate the greatest common factor of 371 and 23522884.
371
What is the greatest common divisor of 868659 and 1038562?
2393
Calculate the greatest common divisor of 38907 and 4247937.
3537
What is the highest common divisor of 12238 and 485300?
422
What is the greatest common divisor of 366824 and 2104?
8
Calculate the greatest common factor of 4777 and 76686586.
281
Calculate the greatest common factor of 616 and 420508928.
56
What is the highest common divisor of 4088 and 1310813?
7
Calculate the greatest common divisor of 1